(-12). Suppose w = 316*o - 311*o - 7145. What is the tens digit of o?
2
Suppose 13*f - 1055 = 8*f. Let x = -59 + f. What is the tens digit of x?
5
Suppose -3*w + 28 = 4*f, 4*w + 3*f - 32 = -w. Suppose -9*l + 20 = -w*l. Suppose -6*h + 12 = 2*v - 2*h, -l*h = 4*v - 24. What is the units digit of v?
6
Suppose 8*w - 2*z - 851 = 9*w, 4*w - 2*z + 3434 = 0. Let x = 73 - w. What is the units digit of x?
0
Suppose -4*k - 30723 = -4*t + 46033, 0 = 9*k - 5*k. What is the thousands digit of t?
9
Let u be 8/(-44) - 14730/(-66). Suppose -10*y + 177 + u = 0. What is the units digit of y?
0
Let z(k) = 206*k**2 - 224*k - 2791. What is the units digit of z(-12)?
1
Let a(w) = 5*w**2 - 15*w - 4. Let f be a(3). What is the hundreds digit of (4 - f)*6/(-12) + 971?
9
Suppose 5*g - g - 12 = 0, -4*g = 5*h - 32. Let c = 17 - 2. Suppose 0 = 2*u - 3*u - h*b + 3, 5*u = 4*b + c. What is the units digit of u?
3
Let d(n) = 210*n - 784. What is the tens digit of d(37)?
8
Suppose -2*d - 316 = 5*g, 5*g + 5*d + 22 = -288. Let o = 87 + g. Let a = 69 - o. What is the units digit of a?
6
Suppose -3597 = -5*k - 407. Let o = -364 + k. What is the hundreds digit of o?
2
Let a(w) = 55*w**2 + 27*w - 195. What is the tens digit of a(17)?
5
Let m be 1/(5/125*1). What is the tens digit of (10/m)/(2/3215)?
4
Let v = -27 - -35. Suppose 0 = v*o - 6*o + 162. Let u = -44 - o. What is the units digit of u?
7
Let j(r) be the third derivative of -r**6/120 - 2*r**5/15 + 5*r**4/12 - r**3 - 27*r**2. Let o be j(-9). What is the tens digit of (-2 + -73)*6/o?
3
Let l = -78 - -47. Let p = 183 + l. Suppose 0 = -x + 3*x - p. What is the tens digit of x?
7
Suppose 3*j - 2*t - 34670 = 0, 0*t - 57775 = -5*j + 5*t. What is the hundreds digit of j?
5
Let b = 595 - 1589. What is the tens digit of (-10)/((-10)/(-2) + 4998/b)?
5
What is the hundreds digit of (192/14)/(789/473137)?
2
Suppose 2*o = -2*d + 85790, -o + 219*d - 224*d = -42907. What is the thousands digit of o?
2
Suppose 14*z + 9*z - 145152 = 16*z. What is the thousands digit of z?
0
Suppose -35*m - 265*m + 12240600 = 0. What is the thousands digit of m?
0
What is the tens digit of (-14 + 27 + 6416)/(1 + 0)?
2
Suppose 7*c - 307 = -321. What is the tens digit of (1 + c)*(-780 + -11)?
9
Let h(r) = -r**3 + 30*r**2 - 49*r - 66. Let x be h(26). Suppose w + 1384 = 5*o, -8*o + 3*o + x = 4*w. What is the hundreds digit of o?
2
Let g = 8245 - 275. What is the units digit of g?
0
Let h = 126737 + -90351. What is the tens digit of h?
8
Let y(p) = -9*p + 129. Let u be y(-5). Suppose 4*k + u = 2482. What is the hundreds digit of k?
5
Suppose 2*o = -6*l + 33876, -5*l = 2*o - 43276 + 9395. What is the ten thousands digit of o?
1
Let j = -778 - -781. Suppose x + x = 2*n - 604, -j*n + x = -910. What is the hundreds digit of n?
3
Suppose 8 = -4*q + 156. Suppose -q = 2*t - 31. What is the units digit of t + (-1)/(4/(-56))?
1
Suppose 22*q + 57436 - 495896 = 0. What is the hundreds digit of q?
9
Let q = -288 - -289. What is the units digit of ((-4)/(-6))/(q + (-250)/252)?
4
Suppose -2*y - 312 = y. Let v be y/(-20) + 2/(-10). Suppose -4*h = v*b - 288, -3*b - h = -b - 114. What is the tens digit of b?
5
Let d = 127 - 72. Suppose d = j + w, -w - 120 - 115 = -4*j. Let a = 185 - j. What is the tens digit of a?
2
Suppose -y = 3*h - 5*y - 47, y = -5. Let q be (-3)/((-36)/344)*h. Suppose -5*u = u - q. What is the units digit of u?
3
Let j = 267 + -33. Suppose -4*d + 4*n + 534 = -j, 556 = 3*d + n. What is the units digit of d?
7
Let s = -177 + 198. Suppose 0 = -5*f + 4721 + 1369. Suppose -s = 7*y - f. What is the tens digit of y?
7
What is the units digit of (-8)/(-26) - (-11948344)/4589?
4
Suppose -4*k + 9*k + 3*n = 5984, n = -k + 1198. Suppose 0 = -116*v + 121*v - k. Suppose -1213 = -11*l + v. What is the units digit of l?
2
What is the hundreds digit of -8 - (88/(-6))/(4/432)?
5
Let j = 212 - 324. Let g(f) = 34*f - 16. Let c be g(8). Let i = j + c. What is the tens digit of i?
4
Let c(y) = -31*y**3 + 9*y**2 + 18 + 17 - 35 + 14*y. What is the hundreds digit of c(-3)?
8
Let y(t) = t**2 - 24*t - 19. Let r be y(25). Suppose -2482 = -r*d + 146. What is the hundreds digit of d?
4
Suppose -143*n = 155*n - 308*n + 70. Let f(h) be the first derivative of 4*h**3/3 - 30*h + 1. What is the hundreds digit of f(n)?
1
Suppose 4*n - 2*s - 44 + 234 = 0, 3*s = 3*n + 138. What is the tens digit of (-1 - -8) + (-59682)/n?
2
Suppose -40286 = 25*v - 165311. What is the hundreds digit of v?
0
Suppose 0 = w - 4*a + 14, 3*w + w + 2*a = 34. Let t(v) = -5 - 6*v**2 + 2 - w*v**3 + 2*v**3 - 6*v. What is the hundreds digit of t(-4)?
1
Suppose -9260 = -5*l + 42670. Suppose 8*b - 2798 = l. What is the thousands digit of b?
1
Let v(f) = -f**3 + 7*f**2 - 4*f - 10. Suppose -3*h - 124 = -13. Let p = 43 + h. What is the units digit of v(p)?
2
Suppose 1 = -w + 10. Let q be -7 + (16/4)/1 - -19. Suppose 2 + q = w*u. What is the units digit of u?
2
Let s = -166 - -111. Let d = 144 + s. Suppose -d = 2*z - 3*z. What is the tens digit of z?
8
Let g(h) = h**3 + 13*h**2 + 3*h - 12. Suppose 3*m - 7*m = 20, 4*j = -3*m - 39. Let d be g(j). Let v = d + -101. What is the units digit of v?
1
Let d(q) = -2*q**2 - 16*q - 31. Let x(s) = 5*s**2 + 32*s + 61. Let o(l) = 7*d(l) + 3*x(l). Suppose 551 = 15*v + 14*v. What is the tens digit of o(v)?
2
Let c be 2/(-3) + (47278/(-21))/(-11). Let v = c - -332. What is the units digit of v?
6
Let b(n) = 792*n**3 - 2*n**2 + 4*n - 2. What is the tens digit of b(1)?
9
Suppose 0 = -f + i - 70, 4*f - i + 270 = i. Let l = -178 - -22. Let a = f - l. What is the units digit of a?
1
Let x = 239 + -238. Suppose -t - x = 0, 4*v - 2*t = 7*v - 2971. What is the units digit of v?
1
Suppose x - 5*z - 41 + 18 = 0, -3*z = 5*x - 31. Suppose 10659 = x*r + 1091. What is the thousands digit of r?
1
Let v = -27113 - -39189. What is the hundreds digit of v?
0
Suppose 4*q + 48 = 4*g, -2*q - 2*g - g - 24 = 0. Let j(t) = 3*t - 8*t**2 + 36*t - 8*t + 0 - t**3 - 1. What is the hundreds digit of j(q)?
2
Let c(a) = -62*a - 5. Let y be ((-1)/1)/((-2)/4). Let s be c(y). Let h = s + 200. What is the tens digit of h?
7
Let i(n) = -n - 16. Let s be i(-16). Suppose -3*o + s*o = -2*j - 133, 121 = 3*o - 5*j. What is the units digit of o?
7
Suppose -14*a = -80676 - 81122. What is the hundreds digit of a?
5
Let g = 53707 - 37266. What is the hundreds digit of g?
4
Let j = 213 - 149. What is the hundreds digit of ((186/4)/(-1))/((-12)/j)?
2
Let f be (-4)/(-10) - (-563)/5. Suppose -43 = -3*v + f. Suppose -57*y + v*y + 20 = 0. What is the units digit of y?
4
Let n(o) = -o**2 + 2*o + 187. Let m be (-165)/(-22)*4*-1. Let w be (1 - 1)*(-6 + m/(-6)). What is the tens digit of n(w)?
8
Let h = -18 - -30. Suppose -w + 2*w = h. Suppose w*v - 2*v - 920 = 0. What is the units digit of v?
2
Suppose -11 = -2*g - 5*u, -4*u - 5 + 17 = 2*g. Let c = 252 + g. Suppose 3*k + o - c = 0, 2*k - 4*k + 162 = -5*o. What is the tens digit of k?
8
Suppose 8883303 = 478*s - 9961847. What is the thousands digit of s?
9
Suppose 0 = -5*c + 15, 4*m - 15 = -5*c + 8. Suppose 3*l - l = 40. Suppose -m*p = -y + l, -7 = 2*p + 1. What is the units digit of y?
2
Let r be ((2 - 6) + 8)*(2 + 1). Suppose -1390 = r*h - 22*h. What is the units digit of h?
9
Suppose 0 = 5*a + 12 + 8. Let i = a + 24. Suppose -3*v - 2*o + i = 2*v, -v + 4 = 3*o. What is the units digit of v?
4
Let s = -30 - -35. Suppose 2*l - 20 = -2*m + 7*l, s*m - 4*l = 16. Suppose m = 5*b - b + 16, -5*y + 400 = -5*b. What is the units digit of y?
6
Let v(h) = -6*h - 39. Let n be v(-11). Suppose -3*k = -3*u + n, 4*k = -0*u - u - 31. Let w(b) = -b**3 - 6*b**2 + 11*b - 4. What is the units digit of w(k)?
6
Let f = 2252 - -356. Suppose -4*w = 5*h - 2593, -3*h + w = 2*h - f. What is the units digit of h?
1
Let l be 30/(-5) + 11 + 38. What is the units digit of (-7 - l/(-3))*(-9)/(-2)?
3
Let d(v) = v**3 + 3*v - 1. Let h be d(2). Let w = h + -15. What is the tens digit of 1*w/(-5) + (-174)/(-15)?
1
Let o(u) = 315*u**2 + 24*u + 34. What is the hundreds digit of o(-3)?
7
Suppose -154*v + 183*v = 1460630 - 206496. What is the ten thousands digit of v?
4
Let c be (25/4 - 4)/(2/8). Suppose t - f + c = -4, 3*t - f = -41. Let u = t + 50. What is the tens digit of u?
3
Suppose 0 = 4*r + t - 11, 0 = r + 2*r + 2*t - 7. Suppose 3*u 